{"id":336,"date":"2017-04-22T21:00:48","date_gmt":"2017-04-22T21:00:48","guid":{"rendered":"http:\/\/www.adriano.ca\/?page_id=336"},"modified":"2017-06-10T00:50:40","modified_gmt":"2017-06-10T00:50:40","slug":"snowremoval-3","status":"publish","type":"page","link":"https:\/\/avco.ca\/?page_id=336","title":{"rendered":"D\u00e9neigement"},"content":{"rendered":"<div id=\"pl-336\"  class=\"panel-layout\" ><div id=\"pg-336-0\"  class=\"panel-grid panel-has-style\" ><div class=\"panel-row-style panel-row-style-for-336-0\" ><div id=\"pgc-336-0-0\"  class=\"panel-grid-cell panel-grid-cell-empty\" ><\/div><div id=\"pgc-336-0-1\"  class=\"panel-grid-cell\" ><div id=\"panel-336-0-1-0\" class=\"so-panel widget widget_text panel-first-child\" data-index=\"0\" ><div class=\"panel-widget-style panel-widget-style-for-336-0-1-0\" ><h3 class=\"widget-title\">D\u00c9NEIGEMENT &#8211; COMMERCIAL<\/h3>\t\t\t<div class=\"textwidget\"><p>Avco Inc. est l\u2019une des plus importantes entreprises de service d\u00e9neigement avec plus de 40 unit\u00e9s en fonctionnement. <\/p>\n<p>Nous vous offrons un entretien pour l'enl\u00e8vement de la neige complet sur vos propri\u00e9t\u00e9s.<\/p>\n<p>- D\u00e9neigement ( main-d'oeuvre )<br \/>\n- Application de sel\/sable<br \/>\n- Transport de la neige<\/p>\n<\/div>\n\t\t<\/div><\/div><div id=\"panel-336-0-1-1\" class=\"so-panel widget widget_text\" data-index=\"1\" ><div class=\"panel-widget-style panel-widget-style-for-336-0-1-1\" ><h3 class=\"widget-title\">NOS SERVICES<\/h3>\t\t\t<div class=\"textwidget\"><\/div>\n\t\t<\/div><\/div><div id=\"panel-336-0-1-2\" class=\"so-panel widget widget_text panel-last-child\" data-index=\"2\" >\t\t\t<div class=\"textwidget\"><div class=\"ich-prefix\">\r\n\r\n    \r\n    <div class=\"row wcp-fgg-wrap\" style=\"width:auto;margin-left: -10px;margin-right: -10px;\">\r\n\r\n                                <div class=\"col-1-4\" style=\"padding: 10px;\">\r\n                <div class=\"wcp-caption-plugin\" ontouchstart=\"\" id=\"wcp-widget-701-1\" style=\"\">\r\n            <div class=\"image-caption-box\">\r\n            <div class=\"caption slide-left-to-right\"\r\n                style=\"background-color: ;\r\n                    color: ;\">\r\n                <div style=\"display:table;height:100%;width: 100%;\">\r\n                    <div class=\"centered-text\" style=\"text-align: auto; padding: 5px;\">\r\n                        D\u00e9neigement ( main-d'oeuvre )                    <\/div>\r\n                <\/div>\r\n            <\/div>\r\n            <img decoding=\"async\" class=\"wcp-caption-image\" src=\"http:\/\/avco.ca\/wp-content\/uploads\/2017\/03\/snowremoval.png\" title=\"\" alt=\"\" style=\"\"\/>\r\n        <\/div>\r\n\r\n    <\/div>\r\n<style>\r\n    <\/style>            <\/div>\r\n            \r\n                                <div class=\"col-1-4\" style=\"padding: 10px;\">\r\n                <div class=\"wcp-caption-plugin\" ontouchstart=\"\" id=\"wcp-widget-701-2\" style=\"\">\r\n            <div class=\"image-caption-box\">\r\n            <div class=\"caption slide-left-to-right\"\r\n                style=\"background-color: ;\r\n                    color: ;\">\r\n                <div style=\"display:table;height:100%;width: 100%;\">\r\n                    <div class=\"centered-text\" style=\"text-align: auto; padding: 5px;\">\r\n                        Application de sel\/sable                    <\/div>\r\n                <\/div>\r\n            <\/div>\r\n            <img decoding=\"async\" class=\"wcp-caption-image\" src=\"http:\/\/avco.ca\/wp-content\/uploads\/2017\/03\/sand_salt.png\" title=\"\" alt=\"\" style=\"\"\/>\r\n        <\/div>\r\n\r\n    <\/div>\r\n<style>\r\n    <\/style>            <\/div>\r\n            \r\n                                <div class=\"col-1-4\" style=\"padding: 10px;\">\r\n                <div class=\"wcp-caption-plugin\" ontouchstart=\"\" id=\"wcp-widget-701-3\" style=\"\">\r\n            <div class=\"image-caption-box\">\r\n            <div class=\"caption slide-left-to-right\"\r\n                style=\"background-color: ;\r\n                    color: ;\">\r\n                <div style=\"display:table;height:100%;width: 100%;\">\r\n                    <div class=\"centered-text\" style=\"text-align: auto; padding: 5px;\">\r\n                        Transport de la neige                    <\/div>\r\n                <\/div>\r\n            <\/div>\r\n            <img decoding=\"async\" class=\"wcp-caption-image\" src=\"http:\/\/avco.ca\/wp-content\/uploads\/2017\/03\/snow_transportation.png\" title=\"\" alt=\"\" style=\"\"\/>\r\n        <\/div>\r\n\r\n    <\/div>\r\n<style>\r\n    <\/style>            <\/div>\r\n            \r\n            <\/div>\r\n    \r\n\r\n    \r\n    <div class=\"clearfix\"><\/div>\r\n    \r\n<\/div><\/div>\n\t\t<\/div><\/div><div id=\"pgc-336-0-2\"  class=\"panel-grid-cell\" ><div id=\"panel-336-0-2-0\" class=\"so-panel widget widget_sow-slider panel-first-child panel-last-child\" data-index=\"3\" ><div class=\"so-widget-sow-slider so-widget-sow-slider-default-abf3e628296a\"><div class=\"sow-slider-base \" style=\"display: none\"><ul class=\"sow-slider-images\" data-settings=\"{&quot;pagination&quot;:true,&quot;speed&quot;:800,&quot;timeout&quot;:8000,&quot;swipe&quot;:true}\">\t\t<li class=\"sow-slider-image  sow-slider-image-cover\" style=\"background-image: url(https:\/\/avco.ca\/wp-content\/uploads\/2017\/04\/Resized_IMG_20140926_180133_hdr.jpeg)\" >\n\t\t\t<img loading=\"lazy\" decoding=\"async\" width=\"1600\" height=\"900\" src=\"https:\/\/avco.ca\/wp-content\/uploads\/2017\/04\/Resized_IMG_20140926_180133_hdr.jpeg\" class=\"attachment-full size-full\" alt=\"\" srcset=\"https:\/\/avco.ca\/wp-content\/uploads\/2017\/04\/Resized_IMG_20140926_180133_hdr.jpeg 1600w, https:\/\/avco.ca\/wp-content\/uploads\/2017\/04\/Resized_IMG_20140926_180133_hdr-300x169.jpeg 300w, https:\/\/avco.ca\/wp-content\/uploads\/2017\/04\/Resized_IMG_20140926_180133_hdr-768x432.jpeg 768w, https:\/\/avco.ca\/wp-content\/uploads\/2017\/04\/Resized_IMG_20140926_180133_hdr-1024x576.jpeg 1024w\" sizes=\"(max-width: 1600px) 100vw, 1600px\" \/>\t\t<\/li>\n\t\t\t\t<li class=\"sow-slider-image  sow-slider-image-cover\" style=\"background-image: url(https:\/\/avco.ca\/wp-content\/uploads\/2017\/04\/Resized_20151104_142050.jpeg)\" >\n\t\t\t<img loading=\"lazy\" decoding=\"async\" width=\"1600\" height=\"899\" src=\"https:\/\/avco.ca\/wp-content\/uploads\/2017\/04\/Resized_20151104_142050.jpeg\" class=\"attachment-full size-full\" alt=\"\" srcset=\"https:\/\/avco.ca\/wp-content\/uploads\/2017\/04\/Resized_20151104_142050.jpeg 1600w, https:\/\/avco.ca\/wp-content\/uploads\/2017\/04\/Resized_20151104_142050-300x169.jpeg 300w, https:\/\/avco.ca\/wp-content\/uploads\/2017\/04\/Resized_20151104_142050-768x432.jpeg 768w, https:\/\/avco.ca\/wp-content\/uploads\/2017\/04\/Resized_20151104_142050-1024x575.jpeg 1024w\" sizes=\"(max-width: 1600px) 100vw, 1600px\" \/>\t\t<\/li>\n\t\t\t\t<li class=\"sow-slider-image  sow-slider-image-cover\" style=\"background-image: url(https:\/\/avco.ca\/wp-content\/uploads\/2017\/04\/Resized_20150413_153212.jpg)\" >\n\t\t\t<img loading=\"lazy\" decoding=\"async\" width=\"1067\" height=\"600\" src=\"https:\/\/avco.ca\/wp-content\/uploads\/2017\/04\/Resized_20150413_153212.jpg\" class=\"attachment-full size-full\" alt=\"\" srcset=\"https:\/\/avco.ca\/wp-content\/uploads\/2017\/04\/Resized_20150413_153212.jpg 1067w, https:\/\/avco.ca\/wp-content\/uploads\/2017\/04\/Resized_20150413_153212-300x169.jpg 300w, https:\/\/avco.ca\/wp-content\/uploads\/2017\/04\/Resized_20150413_153212-768x432.jpg 768w, https:\/\/avco.ca\/wp-content\/uploads\/2017\/04\/Resized_20150413_153212-1024x576.jpg 1024w\" sizes=\"(max-width: 1067px) 100vw, 1067px\" \/>\t\t<\/li>\n\t\t\t\t<li class=\"sow-slider-image  sow-slider-image-cover\" style=\"background-image: url(https:\/\/avco.ca\/wp-content\/uploads\/2017\/04\/trucks.jpg)\" >\n\t\t\t<img loading=\"lazy\" decoding=\"async\" width=\"600\" height=\"431\" src=\"https:\/\/avco.ca\/wp-content\/uploads\/2017\/04\/trucks.jpg\" class=\"attachment-full size-full\" alt=\"\" srcset=\"https:\/\/avco.ca\/wp-content\/uploads\/2017\/04\/trucks.jpg 600w, https:\/\/avco.ca\/wp-content\/uploads\/2017\/04\/trucks-300x216.jpg 300w\" sizes=\"(max-width: 600px) 100vw, 600px\" \/>\t\t<\/li>\n\t\t<\/ul>\t\t\t\t<ol class=\"sow-slider-pagination\">\n\t\t\t\t\t\t\t\t\t\t\t<li><a href=\"#\" data-goto=\"0\">1<\/a><\/li>\n\t\t\t\t\t\t\t\t\t\t\t<li><a href=\"#\" data-goto=\"1\">2<\/a><\/li>\n\t\t\t\t\t\t\t\t\t\t\t<li><a href=\"#\" data-goto=\"2\">3<\/a><\/li>\n\t\t\t\t\t\t\t\t\t\t\t<li><a href=\"#\" data-goto=\"3\">4<\/a><\/li>\n\t\t\t\t\t\t\t\t\t<\/ol>\n\n\t\t\t\t<div class=\"sow-slide-nav sow-slide-nav-next\">\n\t\t\t\t\t<a href=\"#\" data-goto=\"next\" data-action=\"next\">\n\t\t\t\t\t\t<em class=\"sow-sld-icon-thin-right\"><\/em>\n\t\t\t\t\t<\/a>\n\t\t\t\t<\/div>\n\n\t\t\t\t<div class=\"sow-slide-nav sow-slide-nav-prev\">\n\t\t\t\t\t<a href=\"#\" data-goto=\"previous\" data-action=\"prev\">\n\t\t\t\t\t\t<em class=\"sow-sld-icon-thin-left\"><\/em>\n\t\t\t\t\t<\/a>\n\t\t\t\t<\/div>\n\t\t\t\t<\/div><\/div><\/div><\/div><\/div><\/div><\/div>","protected":false},"excerpt":{"rendered":"<p>D\u00c9NEIGEMENT &#8211; COMMERCIAL Avco Inc. est l\u2019une des plus importantes entreprises de service d\u00e9neigement avec plus de 40 unit\u00e9s en fonctionnement. Nous vous offrons un entretien pour l&#8217;enl\u00e8vement de la neige complet sur vos propri\u00e9t\u00e9s. &#8211; D\u00e9neigement ( main-d&#8217;oeuvre ) &#8211; Application de sel\/sable &#8211; Transport de la neige NOS SERVICES D\u00e9neigement ( main-d&#8217;oeuvre ) [&hellip;]<\/p>\n","protected":false},"author":1,"featured_media":0,"parent":0,"menu_order":0,"comment_status":"closed","ping_status":"closed","template":"snowremoval-blank.php","meta":{"footnotes":""},"_links":{"self":[{"href":"https:\/\/avco.ca\/index.php?rest_route=\/wp\/v2\/pages\/336"}],"collection":[{"href":"https:\/\/avco.ca\/index.php?rest_route=\/wp\/v2\/pages"}],"about":[{"href":"https:\/\/avco.ca\/index.php?rest_route=\/wp\/v2\/types\/page"}],"author":[{"embeddable":true,"href":"https:\/\/avco.ca\/index.php?rest_route=\/wp\/v2\/users\/1"}],"replies":[{"embeddable":true,"href":"https:\/\/avco.ca\/index.php?rest_route=%2Fwp%2Fv2%2Fcomments&post=336"}],"version-history":[{"count":59,"href":"https:\/\/avco.ca\/index.php?rest_route=\/wp\/v2\/pages\/336\/revisions"}],"predecessor-version":[{"id":846,"href":"https:\/\/avco.ca\/index.php?rest_route=\/wp\/v2\/pages\/336\/revisions\/846"}],"wp:attachment":[{"href":"https:\/\/avco.ca\/index.php?rest_route=%2Fwp%2Fv2%2Fmedia&parent=336"}],"curies":[{"name":"wp","href":"https:\/\/api.w.org\/{rel}","templated":true}]}}